 3739
List the prime factors of 6890061.
3, 2296687
What are the prime factors of 1358948?
2, 181, 1877
List the prime factors of 1138768.
2, 103, 691
List the prime factors of 156160.
2, 5, 61
What are the prime factors of 26220008?
2, 3277501
What are the prime factors of 307304?
2, 107, 359
List the prime factors of 3337420.
2, 5, 166871
What are the prime factors of 1204739?
17, 70867
List the prime factors of 714316.
2, 43, 4153
List the prime factors of 307766.
2, 37, 4159
List the prime factors of 321285.
3, 5, 21419
List the prime factors of 648920.
2, 5, 16223
List the prime factors of 945623.
7, 135089
List the prime factors of 368487.
3, 7, 5849
List the prime factors of 1287457.
1287457
What are the prime factors of 5792488?
2, 13, 55697
What are the prime factors of 3114459?
3, 346051
What are the prime factors of 8284690?
2, 5, 47, 17627
What are the prime factors of 375138?
2, 3, 6947
What are the prime factors of 232969?
11, 21179
List the prime factors of 23216294.
2, 137, 84731
List the prime factors of 11840783.
53, 157, 1423
What are the prime factors of 138105?
3, 5, 11, 31
What are the prime factors of 408326?
2, 204163
What are the prime factors of 620496?
2, 3, 31, 139
What are the prime factors of 286364?
2, 13, 5507
List the prime factors of 305367.
3, 101789
List the prime factors of 3270223.
11, 19, 15647
What are the prime factors of 204947?
204947
List the prime factors of 2672896.
2, 53, 197
List the prime factors of 5443827.
3, 1814609
List the prime factors of 22714389.
3, 2523821
What are the prime factors of 6711488?
2, 7, 71, 211
List the prime factors of 4501684.
2, 11, 71, 131
What are the prime factors of 337318?
2, 23, 7333
List the prime factors of 1793011.
11, 19, 23, 373
List the prime factors of 13056150.
2, 3, 5, 87041
What are the prime factors of 870274?
2, 23, 18919
What are the prime factors of 98373?
3, 11, 271
List the prime factors of 2161137.
3, 11, 43, 1523
List the prime factors of 31501.
17, 109
List the prime factors of 3866.
2, 1933
List the prime factors of 149569.
7, 23, 929
What are the prime factors of 5450657?
103, 52919
List the prime factors of 3259506.
2, 3, 167, 3253
List the prime factors of 206190.
2, 3, 5, 29, 79
What are the prime factors of 5728349?
11, 520759
What are the prime factors of 643120?
2, 5, 8039
What are the prime factors of 162221?
162221
List the prime factors of 3759355.
5, 751871
List the prime factors of 2645865.
3, 5, 47, 139
List the prime factors of 463251.
3, 154417
What are the prime factors of 14162570?
2, 5, 89, 15913
List the prime factors of 37681579.
13, 19, 373, 409
What are the prime factors of 322654?
2, 29, 5563
List the prime factors of 3502938.
2, 3, 31, 37, 509
List the prime factors of 383472.
2, 3, 2663
What are the prime factors of 3033128?
2, 7, 54163
What are the prime factors of 306770?
2, 5, 30677
What are the prime factors of 296866?
2, 151, 983
List the prime factors of 855650.
2, 5, 109, 157
What are the prime factors of 2583316?
2, 19, 1789
What are the prime factors of 19389216?
2, 3, 7, 11, 43, 61
List the prime factors of 1892239.
1892239
What are the prime factors of 63825?
3, 5, 23, 37
What are the prime factors of 2354465?
5, 43, 47, 233
What are the prime factors of 1013572?
2, 7, 53, 683
List the prime factors of 1983461.
43, 193, 239
List the prime factors of 39416831.
39416831
List the prime factors of 3646608.
2, 3, 7, 10853
What are the prime factors of 11493127?
11493127
What are the prime factors of 10204?
2, 2551
What are the prime factors of 3944706?
2, 3, 657451
List the prime factors of 4113749.
4113749
List the prime factors of 20711008.
2, 647219
What are the prime factors of 2368905?
3, 5, 7, 11, 293
What are the prime factors of 916372?
2, 229093
What are the prime factors of 509608?
2, 11, 5791
List the prime factors of 17015.
5, 41, 83
What are the prime factors of 250258?
2, 157, 797
What are the prime factors of 3627062?
2, 19, 31, 3079
What are the prime factors of 124416?
2, 3
What are the prime factors of 675031?
7, 73, 1321
What are the prime factors of 586304?
2, 9161
What are the prime factors of 621291?
3, 11, 67, 281
List the prime factors of 1871229.
3, 623743
What are the prime factors of 1003830?
2, 3, 5, 33461
List the prime factors of 1423766.
2, 41, 97, 179
List the prime factors of 124725.
3, 5, 1663
What are the prime factors of 164348?
2, 181, 227
What are the prime factors of 1983484?
2, 29, 17099
List the prime factors of 11678394.
2, 3, 7, 13, 73, 293
List the prime factors of 326189.
326189
List the prime factors of 571302.
2, 3, 17, 1867
List the prime factors of 3957623.
67, 59069
What are the prime factors of 18099176?
2, 2262397
List the prime factors of 890041.
31, 28711
List the prime factors of 546720.
2, 3, 5, 17, 67
What are the prime factors of 12870224?
2, 17, 47317
What are the prime factors of 11093140?
2, 5, 43, 12899
List the prime factors of 5744238.
2, 3, 31, 89, 347
List the prime factors of 475359.
3, 193, 821
What are the prime factors of 453248?
2, 3541
List the prime factors of 3843081.
3, 11, 3529
What are the prime factors of 3544217?
3544217
What are the prime factors of 7350134?
2, 11, 61, 5477
What are the prime factors of 1620846?
2, 3, 53, 1699
List the prime factors of 1076834.
2, 11, 48947
List the prime factors of 94583.
94583
What are the prime factors of 404673?
3, 43, 3137
What are the prime factors of 717636?
2, 3, 79, 757
List the prime factors of 269463.
3, 89821
List the prime factors of 7711423.
109, 263, 269
List the prime factors of 12395460.
2, 3, 5, 7, 11, 2683
What are the prime factors of 739359?
3, 113, 727
List the prime factors of 6294391.
6294391
List the prime factors of 1161600.
2, 3, 5, 11
What are the prime factors of 23623766?
2, 11811883
What are the prime factors of 639110?
2, 5, 79, 809
List the prime factors of 113925.
3, 5, 7, 31
List the prime factors of 18265725.
3, 5, 81181
List the prime factors of 2032005.
3, 5, 135467
List the prime factors of 217194.
2, 3, 53, 683
List the prime factors of 35516930.
2, 5, 523, 6791
What are the prime factors of 498776?
2, 62347
List the prime factors of 87184.
2, 5449
List the prime factors of 1500650.
2, 5, 30013
What are the prime factors of 9116635?
5, 11, 31, 5347
List the prime factors of 408603.
3, 13, 10477
What are the prime factors of 118676?
2, 29669
List the prime factors of 5325437.
13, 17, 24097
What are the prime factors of 5924292?
2, 3, 11, 37, 1213
List the prime factors of 536825.
5, 109, 197
What are the prime factors of 26793660?
2, 3, 5, 446561
What are the prime factors of 3929036?
2, 29, 33871
What are the prime factors of 1390606?
2, 7, 71, 1399
List the prime factors of 834429.
3, 278143
List the prime factors of 84442.
2, 42221
What are the prime factors of 32505907?
7, 41, 53, 2137
List the prime factors of 556028.
2, 11, 12637
List the prime factors of 1253985.
3, 5, 41, 2039
What are the prime factors of 4769146?
2, 17, 140269
List the prime factors of 1323028.
2, 7, 47251
What are the prime factors of 372485?
5, 23, 41, 79
List the prime factors of 1752694.
2, 79, 11093
List the prime factors of 5721866.
2, 307, 9319
List the prime factors of 5485255.
5, 1097051
What are the prime factors of 4019819?
967, 4157
List the prime factors of 4556.
2, 17, 67
What are the prime factors of 2062768?
2, 128923
List the prime factors of 22535486.
2, 41, 6703
What are the prime factors of 348896?
2, 10903
What are the prime factors of 1013604?
2, 3, 84467
What are the prime factors of 64146?
2, 3, 10691
List the prime factors of 209166.
2, 3, 71, 491
List the prime factors of 625456.
2, 13, 31, 97
List the prime factors of 668721.
3, 101, 2207
List the prime factors of 4992518.
2, 23, 108533
List the prime factors of 42636.
2, 3, 11, 17, 19
List the prime factors of 1536.
2, 3
List the prime factors of 1238896.
2, 77431
List the prime factors of 40151.
40151
What are the prime factors of 15428?
2, 7, 19, 29
What are the prime factors of 130968?
2, 3, 17, 107
What are the prime factors of 790876?
2, 163, 1213
List the prime factors of 11549784.
2, 3, 269, 1789
List the prime factors of 5729029.
293, 19553
List the prime factors of 324771.
3, 29, 3733
List the pr